at is the units digit of q?
8
Let u = 213 - -65. Suppose 0 = -2*m + u - 84. Let v = -39 + m. What is the units digit of v?
8
Suppose -6646 - 9128 = -6*k. What is the thousands digit of k?
2
Suppose 17*x = 19*x - 8. Suppose 2*b = -5*m + 4*b + 760, b = x*m - 605. What is the tens digit of m?
5
Suppose 0*b - 5*z - 13790 = -5*b, z + 3 = 0. What is the hundreds digit of b?
7
Let p be 8/((-1)/36*-3). Suppose -q - 21 = -p. What is the tens digit of q?
7
Let m = 972 + -879. What is the units digit of m?
3
Suppose 0 = -2*d + 6, -3*y + 996 = 14*d - 9*d. What is the hundreds digit of (y/(-15) - 5)*-5?
1
Suppose 529 = 9*y - 749. What is the tens digit of y?
4
Suppose 10*k + 4589 - 23089 = 0. What is the tens digit of k?
5
Let s(o) = 4*o**2 + 7*o + 17. What is the hundreds digit of s(-14)?
7
Let l(n) = -6*n**3 + 4*n**2 - 5*n + 1. Let v(i) = 5*i**3 - 4*i**2 + 5*i - 1. Let w(o) = 6*l(o) + 7*v(o). What is the units digit of w(-6)?
1
Suppose -3*i = -43 + 28. Let o be (-236)/i + (-32)/40. Let h = o - -102. What is the units digit of h?
4
Let f(q) = q**2 + 247. What is the hundreds digit of f(0)?
2
Suppose 8*l + 10 = 13*l. Suppose 3*z + 3*i - 458 = -l*i, 5*z = i + 754. What is the units digit of z?
1
Suppose -5*p = -5*s - 15, 3*s = -5*p + 4*s + 11. Suppose -3*u + 4 + p = 0. Suppose -3*j = 0, -k - u*j + 19 = -24. What is the units digit of k?
3
Let z = 380 + -780. Let s = 622 + z. Suppose 7*a = a + s. What is the units digit of a?
7
Suppose 179 = -2*o - 4*r + 799, o - 2*r = 326. Suppose 2*a - 8*a = -o. What is the tens digit of a?
5
Suppose 4471 = i + 6*t, -i + 3*t + 4461 = 7*t. What is the thousands digit of i?
4
Let h be (1 + (-14)/(-6))*48/10. Suppose -3*i = 4*w - 148, 0*w = 4*w - h. What is the units digit of i?
4
Let z = -1598 + 3376. What is the tens digit of z?
7
Suppose 0 = 6*h - 5*h - 3. Suppose a - 3*c = -a - h, c = 3*a + 1. Suppose a*t + 20 = s + 5*t, 5*s = -5*t + 80. What is the units digit of s?
5
Let y(w) = w**3 + 13*w**2 - 25*w - 7. Let m be y(-15). Suppose 5*z = 3*z + 304. Let o = m + z. What is the units digit of o?
0
Let j(g) = g + 5. Let h be j(-3). Let m(n) = 7*n + 9 - h*n - 14. What is the units digit of m(6)?
5
Let a(o) = 19*o**2 - 21*o + 4. Let l(q) = -9*q**2 + 10*q - 2. Let k(s) = -6*a(s) - 13*l(s). What is the units digit of k(4)?
4
Let b(w) = 14 - 4*w + 38 + 53 + 118. What is the units digit of b(0)?
3
Let c(u) be the first derivative of u**3/3 - 13*u**2/2 - 21*u + 1. Let b = -4 + 19. What is the units digit of c(b)?
9
Suppose -18*u + 21*u - 438 = 0. What is the hundreds digit of u?
1
What is the units digit of (12*(-2)/(-4))/((-12)/(-138))?
9
Let u(d) = 2*d**2 - 18*d + 56. What is the units digit of u(-8)?
8
Suppose 2*f - 4986 = -4*f. Let x = -576 + f. What is the hundreds digit of x?
2
Let z be 0 + (49/1)/1. Let t be (z - -1)*10/20. Let p = t - 9. What is the units digit of p?
6
Let c = -15 - -13. Let a be (0/(-1) - c)*-1. What is the units digit of 16 + -6 + a + 5?
3
Let n = 4 + -2. Let w be (0/(-5))/(-4 + n). Suppose 4*f = -3*y + 164, w*f = f + 5*y - 58. What is the units digit of f?
8
Let s(j) be the second derivative of 3*j**4/4 - 4*j**3/3 + 3*j**2/2 + 31*j. What is the hundreds digit of s(-4)?
1
Let a = 10 + -7. Suppose a*r = -2*r + 65. Suppose -3*n + 8*n + 5*q - 10 = 0, 2*q - r = -5*n. What is the units digit of n?
3
Let y(a) = -598*a + 15. What is the tens digit of y(-1)?
1
What is the tens digit of (-12)/(-8)*6*7048/36?
6
Let l(m) = -4*m**3 - 2*m**2 + 7*m - 1. Let b(h) = 11*h**3 + 5*h**2 - 20*h + 4. Let q(j) = -3*b(j) - 8*l(j). What is the tens digit of q(-4)?
6
Let y = -101 - -264. What is the tens digit of y?
6
Suppose 3*b + 12 = -q, 4 = 2*q - 3*b + 2*b. Suppose -4*v + 0*f + 24 = f, 5*v - f - 30 = q. What is the units digit of v?
6
Suppose 5*j - 5*p - 10 = 0, -4*j - 4*p + 32 = -0*j. Suppose z - 2 = -z, 5*y + 5 = -j*z. What is the tens digit of 2 + -5 - (y + -24)?
2
Suppose 3*a - 13204 = -4*o, 2*a + 16*o - 8818 = 21*o. What is the units digit of a?
4
Let f be (-1856)/(-80)*(-15)/(-2). Let d = 249 - f. Suppose 0 + d = 3*p. What is the tens digit of p?
2
Suppose -5*w = 4*d - 164, 33 = 5*w + 5*d - 127. Suppose -6 = i - w. What is the tens digit of i?
3
Let v = -4 - -6. Suppose -v*y = -5*y + 9. Suppose 0 = -y*g + 5*g - 40. What is the units digit of g?
0
Let o(v) = 9*v**2 - 10*v - 4. What is the units digit of o(-5)?
1
Let r(g) = g**2 - 5*g - 622. What is the thousands digit of r(-50)?
2
What is the tens digit of (1 - 12/9)*-300?
0
Suppose 2*p - n + 16 = 3*p, 4*n = 5*p - 80. Let v = -3 - p. Let h = v - -33. What is the tens digit of h?
1
Suppose 0 = y - 10*y + 3528. Let x = -270 + y. What is the tens digit of x?
2
Suppose 3 = 2*a - 3. Suppose -61 = -5*d - 3*t, a + 7 = 5*t. What is the tens digit of d?
1
Suppose 11*c - 6677 = 11. What is the tens digit of c?
0
Let b(i) = -1 + 6 - 2 - 2 + i. Let q be b(2). Suppose q*w - 2*w - 4 = 0. What is the units digit of w?
4
Let s = 1956 - 941. What is the tens digit of s?
1
Let v = 3 - 11. Let c be v/2*21/(-6). Suppose -y + 3 = -c. What is the tens digit of y?
1
Let s(h) = 2*h**3 + 10*h**2 + 5*h + 4. Let l(m) = m**2 + 1. Let g(b) = -5*l(b) + s(b). Let r be g(-4). What is the units digit of (-3 - r/3) + 3?
3
Let c be (-48 + 0)/(1/(-3)). Suppose -6*r - c = -10*r. What is the tens digit of r?
3
Let i(q) = q**3 + 6*q**2 - 6*q + 3. What is the units digit of i(-6)?
9
Let x = 10 + -22. Let k(i) = i**2 + 30*i + 14. Let s be k(-16). What is the tens digit of (6/5)/(x/s)?
2
Let o = -896 + 1055. What is the hundreds digit of o?
1
Suppose -7*u + 10*u + 5061 = 4*k, 3*k + u = 3799. What is the units digit of k?
6
Suppose 45 = 3*w + 915. Let g = w - -431. What is the units digit of g?
1
Let x = -15 - -17. Let z(m) = x + 6*m**2 - 11*m**2 - m + 13*m**2. What is the tens digit of z(2)?
3
Let o(a) = a**3 + 6*a**2 + 1. Suppose -5*y - 34 = -0*y - 2*d, 3*d = 4*y + 30. Let c be o(y). Let n(s) = 6*s - 1. What is the units digit of n(c)?
5
Suppose -d - 286 = k, -4*d + 2*k = k + 1134. What is the hundreds digit of (6/(-3) + d)/(-2)?
1
Let u(b) = 3*b + 5. Let o be u(0). What is the hundreds digit of 2 + (343 + (-15)/o)/1?
3
Suppose -p + 0*o + 8 = -4*o, -3*o + 1 = p. Let n = p - 6. Let r = n - -3. What is the units digit of r?
1
Let q = 59 + -31. Let r = q + -29. Let o(w) = -61*w**3 - w**2 - 3*w - 2. What is the units digit of o(r)?
1
Let v = -457 - -1800. What is the tens digit of v?
4
Suppose 0 = 5*o - 1 - 9. Suppose -15 = 5*h, o*h = -i - i + 18. What is the units digit of 2/(0 + 3/i)?
8
Let w(u) = 28*u**2 - 5*u + 3. What is the units digit of w(4)?
1
Suppose -3*i - 177 = -63. Let t(r) = -19*r**2 + r + 1. Let s be t(-1). Let c = s - i. What is the tens digit of c?
1
Suppose -3*w + 9*w = 30. Suppose -w*z + 25 = 0, 0*z + z + 35 = -5*l. What is the units digit of l/(-3)*(-1110)/(-40)?
4
Let m(s) = s**2 + 11*s + 2. Let k be m(-11). Suppose -k*n - 6 = -4*n. Suppose 32 = n*h - 4. What is the units digit of h?
2
Suppose 71*x - 71505 = 72412. What is the tens digit of x?
2
Let d = -333 - -695. What is the tens digit of d?
6
What is the tens digit of (-6)/(-3) + (3 - -6) + 1261?
7
Let w = 2661 - -1224. What is the units digit of w?
5
Let b(n) = 2*n**2 + 11*n + 8. Let i be b(-5). Suppose -2*l + 218 = i*d - 6*l, 0 = -4*l + 4. What is the units digit of d?
4
Suppose l + 5*u - 52 = 0, -3*l + 47 + 61 = -u. Let x = 38 - l. What is the units digit of 39/3 + x + -2?
2
Let t = -68 - -97. Suppose -t = -f + 3*i, 3*i + 2*i + 95 = 3*f. What is the tens digit of f?
3
Let l = 61 + -57. Suppose 0 = -l*g + 2*x + 116, -2*g + x + 151 = 3*g. What is the units digit of g?
1
Suppose 3*s + n - 3024 - 526 = 0, 3*n = -5*s + 5922. Suppose 0 = 3*q - s + 150. What is the units digit of q/10 - 24/60?
4
Suppose -2034 = -22*k + 3664. What is the units digit of k?
9
Let n be (-5)/((-40)/(-22))*-12. Suppose -3*m + m + 2*r = -14, 0 = 4*m - 5*r - n. Suppose 1 + 1 = m*l. What is the units digit of l?
1
Let r = 262 - 29. Let j = 413 - r. Suppose 6*u = u + j. What is the units digit of u?
6
Let k(w) = w**2 + 7. Let m be k(5). Let p = m + 89. What is the tens digit of p?
2
Let b = 7 - 4. Let v be 8 - (3 + b + -5). Let p = v - 5. What is the units digit of p?
2
Suppose 0 = -2*k + 14*k - 7476. What is the units digit of k?
3
Let p(b) = 4*b**3 + 2*b**2 - 4*b + 2